
1281
Calculate the remainder when 16595399 is divided by 60.
59
What is the remainder when 49017 is divided by 463?
402
Calculate the remainder when 2847402 is divided by 949131.
9
Calculate the remainder when 440224134 is divided by 55028016.
6
Calculate the remainder when 58524882 is divided by 83.
5
Calculate the remainder when 13497334 is divided by 58.
38
Calculate the remainder when 4252782 is divided by 41.
16
What is the remainder when 303544 is divided by 4524?
436
What is the remainder when 72484839 is divided by 152?
143
Calculate the remainder when 845821 is divided by 281939.
4
Calculate the remainder when 81396 is divided by 300.
96
Calculate the remainder when 31894754 is divided by 2278196.
10
What is the remainder when 28309554 is divided by 9436512?
18
What is the remainder when 12694 is divided by 146?
138
Calculate the remainder when 14086167 is divided by 7043083.
1
Calculate the remainder when 44908016 is divided by 176.
32
Calculate the remainder when 49765379 is divided by 2940.
2939
What is the remainder when 38936 is divided by 38338?
598
What is the remainder when 5237716 is divided by 87?
55
What is the remainder when 16825 is divided by 989?
12
What is the remainder when 23274 is divided by 5690?
514
Calculate the remainder when 760312 is divided by 80.
72
What is the remainder when 802281 is divided by 656?
649
What is the remainder when 17624010 is divided by 1035?
30
What is the remainder when 4213292 is divided by 260?
252
What is the remainder when 287140 is divided by 638?
40
Calculate the remainder when 709185 is divided by 1563.
1146
What is the remainder when 3108633 is divided by 777158?
1
What is the remainder when 3491998 is divided by 679?
580
Calculate the remainder when 7819681 is divided by 29620.
1
Calculate the remainder when 13215788 is divided by 26916.
32
Calculate the remainder when 193254 is divided by 3746.
2208
What is the remainder when 1543142 is divided by 1107?
1091
What is the remainder when 1175495 is divided by 238?
13
What is the remainder when 7362259 is divided by 1202?
9
What is the remainder when 7695979 is divided by 1604?
1591
What is the remainder when 5585581 is divided by 620?
1
Calculate the remainder when 332566 is divided by 1699.
1261
Calculate the remainder when 444499982 is divided by 12871.
12868
What is the remainder when 10114347 is divided by 722416?
523
Calculate the remainder when 21532 is divided by 1303.
684
Calculate the remainder when 1863277 is divided by 132.
97
What is the remainder when 643872 is divided by 43?
33
What is the remainder when 1596087 is divided by 987?
108
Calculate the remainder when 37143 is divided by 5588.
3615
What is the remainder when 252429 is divided by 6500?
5429
What is the remainder when 132617100 is divided by 2615?
2605
What is the remainder when 211750 is divided by 4925?
4900
Calculate the remainder when 169513 is divided by 10684.
9253
What is the remainder when 6524907 is divided by 30?
27
What is the remainder when 839495 is divided by 279821?
32
What is the remainder when 98845145 is divided by 32948379?
8
Calculate the remainder when 625190 is divided by 2042.
338
Calculate the remainder when 38342 is divided by 4749.
350
Calculate the remainder when 16755870 is divided by 496.
494
Calculate the remainder when 18178938 is divided by 14852.
90
Calculate the remainder when 3184126 is divided by 288.
286
What is the remainder when 5429771 is divided by 904960?
11
Calculate the remainder when 1698504 is divided by 701.
682
What is the remainder when 199505901 is divided by 26?
23
What is the remainder when 5413457 is divided by 1676?
1653
Calculate the remainder when 45893061 is divided by 322.
11
Calculate the remainder when 483444 is divided by 120860.
4
What is the remainder when 1336266 is divided by 411?
105
What is the remainder when 57324 is divided by 603?
39
Calculate the remainder when 51114132 is divided by 31.
30
What is the remainder when 18533662 is divided by 835?
2
Calculate the remainder when 2070597 is divided by 36.
21
What is the remainder when 12210988 is divided by 219?
205
Calculate the remainder when 25545437 is divided by 1264.
1261
Calculate the remainder when 630671 is divided by 210157.
200
Calculate the remainder when 78730 is divided by 338.
314
Calculate the remainder when 55162 is divided by 416.
250
Calculate the remainder when 397479849 is divided by 41560.
9
What is the remainder when 467553719 is divided by 1257?
1256
What is the remainder when 5246283 is divided by 8586?
237
What is the remainder when 696035 is divided by 116003?
17
Calculate the remainder when 25769238 is divided by 207.
15
Calculate the remainder when 3249702 is divided by 25.
2
Calculate the remainder when 13396102 is divided by 7802.
68
What is the remainder when 655982 is divided by 131150?
232
What is the remainder when 4237348 is divided by 2068?
16
Calculate the remainder when 152784 is divided by 1814.
408
What is the remainder when 6939857 is divided by 64?
17
What is the remainder when 363382103 is divided by 151?
150
Calculate the remainder when 3654701 is divided by 92.
1
Calculate the remainder when 789779 is divided by 41560.
139
Calculate the remainder when 77266140 is divided by 5.
0
Calculate the remainder when 2382277 is divided by 98.
93
Calculate the remainder when 72815259 is divided by 740.
739
Calculate the remainder when 223079 is divided by 126.
59
Calculate the remainder when 76491996 is divided by 2259.
2256
Calculate the remainder when 18308410 is divided by 3.
1
What is the remainder when 2751388 is divided by 550272?
28
What is the remainder when 1630146 is divided by 16634?
14
What is the remainder when 294237 is divided by 17291?
290
Calculate the remainder when 2059 is divided by 54.
7
Calculate the remainder when 15136026 is divided by 93.
90
Calculate the remainder when 2095131 is divided by 1143.
12
Calculate the remainder when 109215 is divided by 18032.
1023
Calculate the remainder when 16629697 is divided by 1724.
1717
Calculate the remainder when 817818393 is divided by 4404.
4401
What is the remainder when 5433500 is divided by 9?
2
What is the remainder when 668044446 is divided by 16?
14
What is the remainder when 235718 is divided by 1747?
1620
What is the remainder when 1522261 is divided by 35401?
18
What is the remainder when 797999 is divided by 398985?
29
Calculate the remainder when 3952364 is divided by 71861.
9
What is the remainder when 12536610 is divided by 13976?
138
Calculate the remainder when 1129076 is divided by 9572.
9152
What is the remainder when 591830092 is divided by 1139?
1136
What is the remainder when 522797 is divided by 248?
13
What is the remainder when 15640452 is divided by 744783?
9
Calculate the remainder when 3153020 is divided by 204.
200
Calculate the remainder when 69605252 is divided by 1876.
24
What is the remainder when 1667611 is divided by 61?
54
What is the remainder when 2280188 is divided by 62?
14
Calculate the remainder when 1056245 is divided by 528116.
13
Calculate the remainder when 22000 is divided by 5425.
300
What is the remainder when 3442388 is divided by 4402?
24
What is the remainder when 12379 is divided by 12051?
328
What is the remainder when 430086 is divided by 18?
12
What is the remainder when 138603 is divided by 1706?
417
What is the remainder when 1855819 is divided by 505?
449
Calculate the remainder when 488545 is divided by 11073.
1333
What is the remainder when 389997 is divided by 27774?
1161
Calculate the remainder when 57180487 is divided by 179.
11
Calculate the remainder when 29530051 is divided by 654.
643
Calculate the remainder when 8760558 is divided by 90.
48
Calculate the remainder when 301429 is divided by 301408.
21
Calculate the remainder when 388146 is divided by 681.
657
What is the remainder when 1803944 is divided by 452?
12
Calculate the remainder when 24251103 is divided by 2528.
2527
Calculate the remainder when 333261 is divided by 141.
78
Calculate the remainder when 3352421 is divided by 436.
17
Calculate the remainder when 29056 is divided by 2216.
248
What is the remainder when 1100242 is divided by 14867?
84
Calculate the remainder when 60818449 is divided by 15204611.
5
Wha